me?
False
Let c(p) = 10*p + 8. Let g = 6 - 16. Let r = 1 - g. Is c(r) prime?
False
Is (24/8 - 4)/(1/(-83)) a prime number?
True
Let y(c) be the third derivative of -c**4/6 + c**3 + c**2 + 7*c. Let p be (-82)/8 + 1/4. Is y(p) a prime number?
False
Suppose 2*u + u + 2*i = 137, i = -3*u + 136. Suppose -4*o - 4 = 4*r, 5*r - 7*o - u = -2*o. Suppose -q - 2721 = -r*q. Is q a composite number?
False
Suppose -7509 = -6*m + 5*m. Is m*(-2 - (-28)/12) composite?
False
Suppose -i - 5 - 1 = 0. Let k be (0 - 4/i)*375. Let v = 383 - k. Is v a composite number?
True
Let c be ((-8)/(-6))/(4/144). Suppose c + 796 = 4*q. Is q composite?
False
Is (-68)/(-51) - (-5326)/6 prime?
False
Let d(n) be the first derivative of -3 + 13/2*n**2 - 2*n. Is d(1) a composite number?
False
Let x(n) = -n**2 + 6*n + 8. Let k be x(7). Suppose 0*y = y - k. Let d(l) = 176*l**2 + 2*l - 1. Is d(y) a composite number?
True
Suppose 2*f + 582 = 2*o, o + 4*f = -4*o + 1491. Let w = o + -152. Let b = 594 + w. Is b composite?
True
Let j = -8216 - -5355. Let v = -1992 - j. Is v composite?
True
Let h = 5074 + 7041. Suppose 7*k - 2*k - h = 5*g, -4*k - 2*g + 9716 = 0. Is k a prime number?
False
Suppose -i - 3*a = -6*i + 341, i + a = 73. Let f = i + -5. Is f composite?
True
Let b(x) = 108*x + 25. Is b(7) a prime number?
False
Let x be (7*2)/((-8)/(-12536)). Is x/(-21)*(-3)/2 composite?
False
Is 63/(-14)*912534/(-189) a prime number?
True
Let h be (-18)/(-153) + (-6422)/(-34). Let d be (-30)/(-9)*3/2. Suppose 0 = -d*f - 24 + h. Is f prime?
False
Let c(o) = -o**2 - 9*o - 10. Let m be c(-7). Suppose 702 = 2*k - q, 4*k - 8*k = m*q - 1428. Is k a composite number?
False
Is (2/(-15) - (-79187)/15) + -6 prime?
True
Let f(r) = 3*r**2 - 3 + 0 - 2*r**2 - 20*r**3 + 4*r. Is f(-4) composite?
False
Suppose 3*q = -f + 151864, -2*q - 2*f = -47179 - 54065. Is q prime?
False
Suppose 3912 = 4*h - k, -4*h + 8*h + 3*k = 3928. Let q = 3032 - h. Is q a composite number?
False
Let l = -48 + 53. Suppose 0 = -l*s + 573 + 482. Is s prime?
True
Suppose -r = -2*r. Let i be r*(0 + 1) + 9. Is 2421/i*(2 + 3) a composite number?
True
Let v(t) be the second derivative of t**4/12 + t**3 + 3*t**2 + 11*t. Let d be v(-5). Is 3516/24*2/d prime?
True
Let o = -12 + 15. Suppose 3*n = -2*n + 25, o*n = -2*j + 9. Is (-54)/j + 3/3 composite?
False
Let y(q) = -4*q - 13. Let v be y(-4). Suppose -v*k - 25 = -8*k. Suppose 0 = -k*r + 279 + 536. Is r prime?
True
Let o = -2358 + 7219. Is o prime?
True
Let b be (1*(-1532)/10)/(4/(-10)). Let s = 1596 - b. Is s a prime number?
True
Suppose 4*v = 2*v - 5728. Let s = -1825 - v. Is s prime?
True
Let r(b) be the first derivative of 3*b**4/4 - 2*b**3/3 + 2*b**2 + 3*b - 5. Let g be r(-3). Let j = g + 154. Is j prime?
False
Suppose n = 5*o - n - 2, 3*n = -2*o + 16. Let i = 4 - 3. Suppose -h + 6 = i, -4*p + o*h + 114 = 0. Is p a composite number?
False
Suppose -367370 = -480*b + 446*b. Is b composite?
True
Let z(a) = a**2 - 4*a + 1. Let t be z(2). Is (2678/39)/((-2)/t) a prime number?
True
Let s(i) be the first derivative of -i**3/3 + 3*i**2/2 + 217*i + 6. Is s(0) composite?
True
Suppose -8263 = -3*y + 1418. Is y prime?
False
Let c be 0 + -5 - (-1 + -2). Let p = 87 - 87. Is 331 + 2 + (c - p) a prime number?
True
Let m(u) = -u**2 + 14*u + 2. Let h be m(14). Suppose i = -0*g + h*g + 353, -5*i + 1705 = 5*g. Let b = i - 52. Is b a prime number?
True
Let c(y) = y**3 - 5*y**2 + 4*y + 6. Let p be (-6)/(-12) - 13/(-2). Let a be c(p). Let h = 425 - a. Is h prime?
True
Let u be (0 + 0)*3/(-9). Let o be (-1)/(-2)*(8 - u). Suppose 4*q + 57 = s, o*s = 4*q + q + 173. Is s a composite number?
False
Let t(y) = 6480*y - 11. Is t(1) prime?
True
Let b = 6453 + -4262. Is b prime?
False
Let p = -13 + 15. Let h be p/(-4)*(4 + -6). Suppose 0 = 4*l + h - 389. Is l composite?
False
Let p = 128808 - 60101. Is p prime?
False
Let o = -861 + 248. Let q = -362 - o. Is q a composite number?
False
Let n = 2718 - 512. Suppose -4*b = 2*w + 1914, -5*w + 2*b - 2567 - n = 0. Is -1*w/(8 - 3) prime?
True
Let g(t) be the second derivative of t**6/20 - t**5/20 + t**3/3 + 2*t**2 + t. Let u(k) be the first derivative of g(k). Is u(2) a composite number?
True
Suppose c + 51 = n, 0 = 4*c + 2*n + 23 + 151. Let s = c + -42. Let b = 175 + s. Is b a composite number?
True
Let b be 1 - (-6 + 2 + 1). Suppose -3*d + 15 = -b*p, 3*d + p = -2*p + 15. Suppose -d*z + v = -902, -2*z - 4*v + 374 = -0*z. Is z a composite number?
False
Let g be 52 + -2 - 33/11. Let s = g - 26. Is s composite?
True
Let z = -32200 + 57137. Is z a composite number?
True
Is 54233/8 + 12/(-96) composite?
False
Let q(y) = 33*y**2 + 5*y - 1. Let p(v) = -101*v**2 - 15*v + 2. Let z(k) = -4*p(k) - 11*q(k). Is z(4) prime?
False
Let i = 73 + -79. Is (1173/4 + i/(-24))*2 a composite number?
False
Let l = 152 + -822. Let s = l + 1415. Is s a composite number?
True
Is 14628/8 + 6/(-1 + 13) prime?
False
Let t be -1 - (38 + 2 + -2). Let j be ((-88)/12)/(-11)*(-390)/2. Let v = t - j. Is v composite?
True
Let l(v) be the first derivative of -v**4/4 - v**3/3 - 3*v - 4. Let p be l(-7). Suppose 4*c = c + p. Is c a composite number?
False
Let l = 72 - 54. Is 3/(-27) + 4016/l a composite number?
False
Is (-5)/(-15) + (0 - 96850/(-15)) composite?
True
Let q(u) = -89*u - 1. Let x(v) = -v + 1. Suppose -14 = -4*s + 3*g + 10, 5*s - g = 19. Let n be x(s). Is q(n) a composite number?
True
Suppose -194*m = -200*m + 19662. Is m a composite number?
True
Is 2 + 12147 - 18/3 a prime number?
True
Suppose 4*x = -4*x + 9160. Let q = x + -268. Is q composite?
False
Suppose 4*b + 120 = -468. Let g = 270 + b. Is g composite?
True
Let i = 5540 + -3141. Is i composite?
False
Let y = -83 - -87. Let i(j) = 496*j + 21. Is i(y) a composite number?
True
Let o = 284 - 627. Let a(j) = j + 8. Let s be a(-7). Is ((-1)/s)/(7/o) a prime number?
False
Suppose -604 + 30889 = -3*l. Is ((-3)/(-9))/((-5)/l) a composite number?
False
Suppose -2*p + 25 - 7 = 3*b, p + 24 = 4*b. Let t(u) be the first derivative of u**4/4 - 5*u**3/3 + 2*u**2 - u - 4. Is t(b) a composite number?
False
Let l(c) = c**3 + 13*c**2 - 5*c - 6. Let i be l(-12). Let o = 15 + i. Is o prime?
False
Suppose -4*a = 2*y - 20, -5*a + 2*a + 17 = 2*y. Suppose -a*k = s - 2218, 4*s = -0*k + 5*k - 3691. Is k composite?
False
Let k be (0 + 1)*(-13 - -18). Suppose -5*m = -k*r + 339 + 156, 5*r + m - 525 = 0. Let n = r - -59. Is n prime?
True
Let r = 5820 + -4127. Is r composite?
False
Suppose -4*u = -98 - 5750. Let j = u - 835. Suppose -2*x = -5*q + 2*x + j, -129 = -q - x. Is q prime?
True
Suppose -4*d = 4*t + 21204, -4*t + 4*d - 2429 = 18735. Let u = 5 - 3. Is u/6 + t/(-24) prime?
False
Let a = -27 - -28. Is 299 + (-2 + (a - 0))*0 a prime number?
False
Let g = 17 - 11. Let r(b) be the first derivative of 14*b**3 + 4*b**2 - b - 7. Is r(g) a composite number?
False
Suppose 0 = 4*a - z - 30723, -15366 = -5*a + 3*a - 4*z. Is a prime?
True
Suppose -5*k - m - m = -12, 3*k - 8 = -2*m. Suppose -15 = -k*t - 7. Suppose t*z + 74 = 3*w, 4*w - 5*z - 12 = 87. Is w a composite number?
True
Suppose 0 = 4*f - 17 - 3. Suppose -f*v + 0*v + r + 1787 = 0, 0 = 2*v - 2*r - 718. Suppose 3*u + 0*u = v. Is u composite?
True
Let u = 2755 + -1432. Suppose -2*m - 157 = 4*h - u, 5*m + 15 = 0. Is h composite?
False
Let z = 23 - 39. Let d be ((-24)/z)/((-6)/(-8)). Suppose 12 = -4*c, 3*c + 461 = d*v + 2*v. Is v composite?
False
Suppose -38861 = 11*r - 202662. Is r a prime number?
True
Is 57*(6 - (4162/(-6) - 4)) a composite number?
True
Let j(z) = z + 2. Let k be j(-2). Let o(i) = k*i**2 - 1 + 3*i - i**2 + 3*i**3 - i**2 - 4*i**3. Is o(-4) a composite number?
False
Suppose 0 = -3*b + l + 17947, 13*l = 4*b + 8*l - 23944. Is b a prime number?
True
Let d be (349/2)/(8/16). Let k = 678 - d. Is k a composite number?
True
Suppose 8086 = 2*n - 23944. Is n prime?
False
Suppose 0 = -11*j - 2*j + 130. Is -997*2/((-4)/j) composite?
True
Suppose 3*d - 4400 = -2*c, 0 = -2*d + 7*c - 11*c + 2936. Is d a composite number?
True
Let y = 5811 + -12622. Is (-6)/4*(-1 + y/3) a composite number?
False
Suppose 1446 = 2*s - o, 4*o = s + 3*o - 724. Let n be (-2 - -1)/(1/(-2)). Suppose 0 = n*h - 300 - s. Is h a prime number?
False
Suppose -990 = -3*a + l, 4*l - 777 = -3*a + 228. Is a a prime number?
True
Is 55190/80 + -1 + 2/16 a prime number?
F